{"id":428,"date":"2024-04-12T14:45:27","date_gmt":"2024-04-12T12:45:27","guid":{"rendered":"https:\/\/reikilahochi.com\/?post_type=product&#038;p=428"},"modified":"2024-04-26T16:42:23","modified_gmt":"2024-04-26T14:42:23","slug":"the-hibiscus","status":"publish","type":"product","link":"https:\/\/reikilahochi.com\/index.php\/produit\/the-hibiscus\/","title":{"rendered":"Th\u00e9 hibiscus"},"content":{"rendered":"<p>D\u00e9couvrez une exp\u00e9rience gustative envo\u00fbtante avec notre th\u00e9 \u00e0 l&#8217;hibiscus, une infusion exotique qui \u00e9veille les sens et ravive l&#8217;\u00e2me. Notre th\u00e9 \u00e0 l&#8217;hibiscus est une invitation \u00e0 un voyage sensoriel captivant, o\u00f9 les ar\u00f4mes vibrants et les saveurs exotiques vous transportent vers des contr\u00e9es lointaines et ensoleill\u00e9es.<\/p>\n<p>Issue des p\u00e9tales \u00e9carlates de la fleur d&#8217;hibiscus, notre infusion r\u00e9v\u00e8le une couleur rouge rubis \u00e9blouissante et un ar\u00f4me floral enivrant d\u00e8s la premi\u00e8re infusion. Chaque gorg\u00e9e est une explosion de saveurs audacieuses et rafra\u00eechissantes, o\u00f9 la douceur acidul\u00e9e de l&#8217;hibiscus se marie harmonieusement \u00e0 des notes fruit\u00e9es et l\u00e9g\u00e8rement acidul\u00e9es.<\/p>\n<p>En plus de son go\u00fbt exquis, notre th\u00e9 \u00e0 l&#8217;hibiscus regorge de bienfaits pour la sant\u00e9.<\/p>\n<p>en sachet kraft herm\u00e9tique.<\/p>\n","protected":false},"excerpt":{"rendered":"<p>D\u00e9couvrez une exp\u00e9rience gustative envo\u00fbtante avec notre th\u00e9 \u00e0 l&#8217;hibiscus, une infusion exotique qui \u00e9veille les sens et ravive l&#8217;\u00e2me. Notre th\u00e9 \u00e0 l&#8217;hibiscus est une invitation \u00e0 un voyage sensoriel captivant, o\u00f9 les ar\u00f4mes vibrants et les saveurs exotiques vous transportent vers des contr\u00e9es lointaines et ensoleill\u00e9es. Issue des p\u00e9tales \u00e9carlates de la fleur &hellip; <\/p>\n<p class=\"link-more\"><a href=\"https:\/\/reikilahochi.com\/index.php\/produit\/the-hibiscus\/\" class=\"more-link\">Continuer la lecture<span class=\"screen-reader-text\"> de &laquo;&nbsp;Th\u00e9 hibiscus&nbsp;&raquo;<\/span><\/a><\/p>\n","protected":false},"featured_media":431,"template":"","meta":[],"product_cat":[37],"product_tag":[],"class_list":{"0":"post-428","1":"product","2":"type-product","3":"status-publish","4":"has-post-thumbnail","6":"product_cat-thes","8":"first","9":"instock","10":"taxable","11":"shipping-taxable","12":"purchasable","13":"product-type-simple"},"jetpack_sharing_enabled":true,"_links":{"self":[{"href":"https:\/\/reikilahochi.com\/index.php\/wp-json\/wp\/v2\/product\/428","targetHints":{"allow":["GET"]}}],"collection":[{"href":"https:\/\/reikilahochi.com\/index.php\/wp-json\/wp\/v2\/product"}],"about":[{"href":"https:\/\/reikilahochi.com\/index.php\/wp-json\/wp\/v2\/types\/product"}],"wp:featuredmedia":[{"embeddable":true,"href":"https:\/\/reikilahochi.com\/index.php\/wp-json\/wp\/v2\/media\/431"}],"wp:attachment":[{"href":"https:\/\/reikilahochi.com\/index.php\/wp-json\/wp\/v2\/media?parent=428"}],"wp:term":[{"taxonomy":"product_cat","embeddable":true,"href":"https:\/\/reikilahochi.com\/index.php\/wp-json\/wp\/v2\/product_cat?post=428"},{"taxonomy":"product_tag","embeddable":true,"href":"https:\/\/reikilahochi.com\/index.php\/wp-json\/wp\/v2\/product_tag?post=428"}],"curies":[{"name":"wp","href":"https:\/\/api.w.org\/{rel}","templated":true}]}}