{"id":82,"date":"2024-03-24T16:26:13","date_gmt":"2024-03-24T15:26:13","guid":{"rendered":"https:\/\/reikilahochi.com\/?post_type=product&#038;p=82"},"modified":"2024-04-21T15:33:30","modified_gmt":"2024-04-21T13:33:30","slug":"bougie-chakra-sacre","status":"publish","type":"product","link":"https:\/\/reikilahochi.com\/index.php\/produit\/bougie-chakra-sacre\/","title":{"rendered":"Bougie Chakra Sacr\u00e9 (2)"},"content":{"rendered":"<p>Plongez dans un voyage de cr\u00e9ativit\u00e9 et de passion avec nos bougies aux huiles essentielles sp\u00e9cialement con\u00e7ues pour \u00e9clairer et \u00e9quilibrer le deuxi\u00e8me chakra, le chakra sacr\u00e9, le centre de la sensualit\u00e9, de la cr\u00e9ativit\u00e9 et de l&#8217;expression \u00e9motionnelle et l&#8217;harmonie. &#8220;Je ressens&#8221;<\/p>\n<p>Chaque bougie est une fusion envo\u00fbtante d&#8217;ingr\u00e9dients s\u00e9lectionn\u00e9s avec soin pour leurs propri\u00e9t\u00e9s \u00e9nerg\u00e9tiques stimulantes et inspirantes. Infus\u00e9es d&#8217;huiles essentielles naturelles telles que l&#8217;ylang-ylang, l&#8217;orange et le bois de santal, nos bougies sont des compagnons parfaits pour \u00e9veiller votre passion int\u00e9rieure et lib\u00e9rer votre cr\u00e9ativit\u00e9 et votre \u00e9nergie vitale.<\/p>\n<p>Allumez nos bougies lors de vos moments de d\u00e9tente, de m\u00e9ditation ou simplement pour cr\u00e9er une ambiance chaleureuse et sensuelle dans votre espace de vie. Laissez la douce lueur des flammes vous envelopper alors que vous explorez votre c\u00f4t\u00e9 le plus cr\u00e9atif, vous connectant avec vos \u00e9motions les plus profondes et trouvant l&#8217;inspiration dans chaque instant.<\/p>\n<p>Nos bougies aux huiles essentielles pour le deuxi\u00e8me chakra sacr\u00e9 ne sont pas seulement des objets d\u00e9coratifs &#8211; elles sont des outils puissants pour \u00e9veiller votre sensualit\u00e9, stimuler votre cr\u00e9ativit\u00e9 et vous aider \u00e0 vous exprimer pleinement dans tous les aspects de votre vie. Laissez leur lumi\u00e8re vous guider vers une vie remplie de passion, de joie et d&#8217;expression authentique.<\/p>\n","protected":false},"excerpt":{"rendered":"<p>Plongez dans un voyage de cr\u00e9ativit\u00e9 et de passion avec nos bougies aux huiles essentielles sp\u00e9cialement con\u00e7ues pour \u00e9clairer et \u00e9quilibrer le deuxi\u00e8me chakra, le chakra sacr\u00e9, le centre de la sensualit\u00e9, de la cr\u00e9ativit\u00e9 et de l&#8217;expression \u00e9motionnelle et l&#8217;harmonie. &#8220;Je ressens&#8221; Chaque bougie est une fusion envo\u00fbtante d&#8217;ingr\u00e9dients s\u00e9lectionn\u00e9s avec soin pour leurs &hellip; <\/p>\n<p class=\"link-more\"><a href=\"https:\/\/reikilahochi.com\/index.php\/produit\/bougie-chakra-sacre\/\" class=\"more-link\">Continuer la lecture<span class=\"screen-reader-text\"> de &laquo;&nbsp;Bougie Chakra Sacr\u00e9 (2)&nbsp;&raquo;<\/span><\/a><\/p>\n","protected":false},"featured_media":335,"template":"","meta":[],"product_cat":[35],"product_tag":[],"class_list":{"0":"post-82","1":"product","2":"type-product","3":"status-publish","4":"has-post-thumbnail","6":"product_cat-bougies-7-chakras","8":"first","9":"instock","10":"taxable","11":"shipping-taxable","12":"purchasable","13":"product-type-simple"},"jetpack_sharing_enabled":true,"_links":{"self":[{"href":"https:\/\/reikilahochi.com\/index.php\/wp-json\/wp\/v2\/product\/82","targetHints":{"allow":["GET"]}}],"collection":[{"href":"https:\/\/reikilahochi.com\/index.php\/wp-json\/wp\/v2\/product"}],"about":[{"href":"https:\/\/reikilahochi.com\/index.php\/wp-json\/wp\/v2\/types\/product"}],"wp:featuredmedia":[{"embeddable":true,"href":"https:\/\/reikilahochi.com\/index.php\/wp-json\/wp\/v2\/media\/335"}],"wp:attachment":[{"href":"https:\/\/reikilahochi.com\/index.php\/wp-json\/wp\/v2\/media?parent=82"}],"wp:term":[{"taxonomy":"product_cat","embeddable":true,"href":"https:\/\/reikilahochi.com\/index.php\/wp-json\/wp\/v2\/product_cat?post=82"},{"taxonomy":"product_tag","embeddable":true,"href":"https:\/\/reikilahochi.com\/index.php\/wp-json\/wp\/v2\/product_tag?post=82"}],"curies":[{"name":"wp","href":"https:\/\/api.w.org\/{rel}","templated":true}]}}